z. Suppose o*s - s = 8. Calculate w(s).
5
Suppose 27 = 7*k - 8. Suppose 0 = 3*u - k*b - 28, b + 24 = 2*u - b. Let w = u - 11. Let z(y) = y**3 - 4*y**2 - 4*y. Give z(w).
5
Let m(z) = z**3 + 6*z**2. Let a = 50 + -43. Suppose -4*i - 66 = a*i. What is m(i)?
0
Let q(a) = -11*a + 18. Let d(y) = -14*y + 23. Let o(u) = -4*d(u) + 5*q(u). Let g be (1 + 0)/((-2)/(-12)). Calculate o(g).
4
Let k(a) = a - 6. Let x be k(5). Let o be (x - -1) + (-18 - -12). Let z(p) = -p**2 - 6*p + 3. Calculate z(o).
3
Let h(m) = -5*m + 2*m - 14*m**2 + 13*m**2 - 6 - 7*m. Let v be h(-9). Let q(t) = -t + 3. Calculate q(v).
0
Let x(i) = -1 - 9 - 1 + 22440*i - 22444*i - 9. What is x(-4)?
-4
Let r(n) be the second derivative of -n**4/12 + 5*n**3/6 - 3*n**2 + 6*n. Suppose -d - 4*t - 4 = -2*d, 3*d - 3*t - 12 = 0. Give r(d).
-2
Let z(u) = -32*u - u**2 + 3 + 3 + 35*u. Let w = 22 + -9. Suppose -4*r - 17 = -5*l, 5*r - r - w = -l. Calculate z(l).
-4
Suppose 13 = 5*i - 2. Let g(b) = 3*b + i + 12 - 9 - 2*b. Let y = 4 - 11. What is g(y)?
-1
Let h(u) = 5*u + 6. Let z(d) = 11*d - 1. Let b(c) = -24*c + 2. Let v(s) = 6*b(s) + 13*z(s). Let y(o) = 2*h(o) + 9*v(o). Give y(3).
6
Let y(m) = 15*m - 88. Let d be y(6). Let g(k) be the first derivative of 2*k + 5/2*k**d + 3. What is g(-2)?
-8
Let m(n) = 6 - n**2 + 2 - 4. Suppose -244 + 32 = 4*f. Let a = f + 49. Calculate m(a).
-12
Let u = -805 + 817. Let b(c) = -c + 4. Calculate b(u).
-8
Let c(x) be the third derivative of x**2 + 0 + 1/8*x**4 + 0*x + 0*x**3. What is c(1)?
3
Let n(l) = -4*l**3 + 7*l**2 - 7*l - 3. Let x(f) = -3*f**3 + 6*f**2 - 6*f - 1. Let d(z) = -2*n(z) + 3*x(z). What is d(2)?
3
Let y(a) = -2*a**2 - a - 4. Let l(k) = k**3 - 23*k**2 - 49*k - 25. Let r be l(25). Calculate y(r).
-4
Suppose 3*v = -3*j + 9, -2*j = 4 - 12. Let y(c) = -7*c**3 - c**2 - c. Give y(v).
7
Let j(v) be the third derivative of -7*v**5/15 + v**3/6 + 571*v**2. Calculate j(1).
-27
Let n(b) = 2 - 17*b**3 + 7*b + 3*b - 3*b**2 - 4*b + 16*b**3. Give n(-4).
-6
Suppose -4*o - 22 = -2*o. Let r(f) = 6*f + 2. Let g(p) = p + 1. Let b(h) = -8*h - 6. Let u(w) = b(w) + 5*g(w). Let n(j) = o*u(j) - 6*r(j). Calculate n(1).
-4
Let m(z) be the first derivative of 4*z**3/3 + z**2 - z - 1. Suppose 12*n + 4*r = 8*n - 4, -6 = 2*n + 4*r. Calculate m(n).
5
Suppose 22*u + 256 = 18*u. Let o = u + 63. Let l(h) = -2*h**2 + 1. Determine l(o).
-1
Let s(k) = k**3 - 12*k**2 - 14*k + 15. Let m = 12 - -1. Let z be s(m). Let f(x) be the first derivative of -2*x**3/3 + x**2 - x - 7. Give f(z).
-5
Let b(y) = -2*y**2 - 3*y**2 - 4*y + 6*y**2 - 3*y**2. What is b(3)?
-30
Suppose -2*o + 8 = -25*q + 27*q, q - 2*o - 7 = 0. Let l(b) = -4*b - 2*b**3 - 4 - 2*b**3 - 4*b**2 + 5*b**3. Give l(q).
1
Let a(v) be the second derivative of v**4/12 - 25*v**2/2 + 17*v. Determine a(-5).
0
Let k(i) = 4 - i - 15 + 6. Let q be k(-7). Let b(d) = -3*d**q - 2*d + 2*d**2 - 3 + d. What is b(0)?
-3
Let b be (-4)/2 - 48/(-8). Let n(r) = 1. Let l(v) = -v - 17. Let c(i) = b*n(i) + l(i). Determine c(0).
-13
Let n(w) = w**2 + 3*w - 5. Let m be n(-4). Let z(x) = -2*x + 3. Let s(u) = u - 1. Let v(h) = m*z(h) - 4*s(h). Give v(-2).
5
Let v(t) = -t**3 - 5*t**2 - 4*t - 5. Suppose -u + 66 = -2*h - 0*h, 0 = -3*u - 5*h + 165. Suppose -u = -q - 4*q. Let l = q - 16. Give v(l).
-5
Let d(g) = -13*g - 2. Let n(u) = 2*u. Let m(f) = -d(f) - 5*n(f). Give m(4).
14
Let l(j) = 26*j**2 - 25*j + 21. Let z(t) = -14*t**2 + 13*t - 11. Let c(p) = 6*l(p) + 11*z(p). Determine c(4).
9
Let c(i) = i**2 + 9*i - 12. Suppose 4*u + 18 = -2*h - 12, 4*u + 48 = 4*h. What is c(u)?
-12
Let y(w) = w**3 - 4*w**2 - 2*w - 5. Let t = 33 - 69. Let i = t + 36. Suppose 5*l + b - 21 = 0, b - 3 + 2 = i. Give y(l).
-13
Suppose -4*a + 14 = 2. Suppose a*q - 2*q + 3*b - 1 = 0, 2*b + 2 = 0. Let c(v) = -v**3 + 4*v**2 - 3*v + 2. Give c(q).
-10
Let x(p) = 7*p**2 + 12*p - 27. Let u(g) = -16*g**2 - 24*g + 55. Let i(d) = -4*u(d) - 9*x(d). Give i(10).
3
Let h(q) = -q**2 - 33*q - 222. Let f be h(-24). Let o(a) = a**3 + 7*a**2 + 9*a + 1. Determine o(f).
-17
Let g(t) = t**3 + 3*t**2 - 17*t + 7. Let f(q) = -2*q**3 - 3*q**2 + 28*q - 6. Let v(x) = -2*f(x) - 3*g(x). Give v(5).
16
Let u(s) = s**3 - 6*s**2 - 10*s + 16. Let y be 10 - (9/(-2))/((-3)/2). Give u(y).
-5
Let g(d) = 18 + 6*d**2 - 4 - 8 - 8 - d. Let j be g(-1). Let a(w) = -3*w. Let s(o) = 2*o. Let b(p) = j*s(p) + 3*a(p). Calculate b(0).
0
Let t(m) = m**3 - 13*m**2 - m - 8. Let o(k) = 2*k**3 - 27*k**2 - k - 18. Let n(l) = -6*o(l) + 13*t(l). Let j = 4 - -4. Calculate n(j).
12
Let t(i) = -5*i**3 + 2*i**2 - 19*i - 20. Let z(b) = 11*b**3 - 7*b**2 + 40*b + 39. Let g(n) = -9*t(n) - 4*z(n). Calculate g(-9).
6
Suppose 6*m - 2 = 4*m. Let c(f) = 5*f**2 - 52*f - f**2 + 53*f. Determine c(m).
5
Let z(w) = -4*w**3 + 2*w**2 - 3*w + 2. Let s(d) = -5*d**3 + d**2 - 4*d + 1. Let t(x) = 2*s(x) - 3*z(x). Give t(3).
17
Let s be (1 + 0)*(-1)/(-1). Let r(n) = -4 - 19*n**3 - 290*n**2 + 0 + 291*n**2 + n + 3. Give r(s).
-18
Suppose -170 = -5*f - 5*q, 3*f + 2 = 3*q + 92. Let i = f + -35. Let p(a) = -a**2 - 2*a + 1. Let d be p(i). Let t(x) = -x**2 - x + 1. Calculate t(d).
-1
Let h(t) be the third derivative of t**6/360 + t**5/24 - t**4/12 + 7*t**3/6 - 8*t**2. Let v(c) be the first derivative of h(c). Calculate v(-5).
-2
Let o(n) = n**3 + 8*n**2 - 10. Let x(b) = -b**2 - b. Let s(g) = -o(g) - x(g). Let v = 25 + -21. Suppose -2*t - 34 = 3*t + d, -4*t - 32 = -v*d. Calculate s(t).
3
Let a(o) be the third derivative of 1/6*o**3 + 1/8*o**4 + 0*o + 19*o**2 + 0 - 1/60*o**5. Calculate a(3).
1
Let j(h) = -2*h**2 + 5 + 6*h + 3*h**2 + 2. Let i = -16018 - -16013. Calculate j(i).
2
Let l(g) be the first derivative of -g**3/3 - 2*g**2 - g + 1. Let q(k) = 8*k + 61. Let m be q(16). Let w = m + -194. Give l(w).
-6
Let m(n) = 7*n**3 - n**2 - 5*n - 8. Let t(k) = -6*k**3 + 4*k + 7. Let u(r) = 5*m(r) + 6*t(r). What is u(-4)?
-10
Let o(l) be the second derivative of l**7/2520 - l**6/80 + l**5/30 + l**4/4 - 2*l. Let w(s) be the third derivative of o(s). What is w(6)?
-14
Let d = -16 - -11. Let z(i) = i**3 + 5*i**2 + 2. Let j be z(d). Let h(g) = -2*g**2 + j*g - 5*g**2 + 1 - 2 + 2*g**2 + g**3. Determine h(5).
9
Let r(m) = m**3 + m**2 + m + 7. Let h be (0 + 0)/(2 + -1). Let a(v) = 5*v + 2*v - 6*v. Let g be a(h). Calculate r(g).
7
Suppose -5*o + 4*d - 41 = 0, 4 = d - 0*d. Let b = 12 + -8. Let c(r) = 2*r + 2*r - 2 - b*r + r. Give c(o).
-7
Let l(i) be the first derivative of 12 - i**2 - 1 - i + 2. Give l(5).
-11
Let n(l) = l - 4. Let v = 10 + -3. Suppose 2*i = 2*j + i + v, 0 = -2*j + 3*i - 13. Let g = j + -2. Calculate n(g).
-8
Suppose 2*k - 2*p = 6, -5*k - 11 = 4*p - 35. Let y(h) = h**2 - 3*h - 7. Determine y(k).
-3
Let g(c) = -c**2 - c + 3. Let j(u) = 2*u**2 + 11. Let h be j(0). Let x be h/(-22) + 5/(-2). Calculate g(x).
-3
Let r be 2/14 - 646/(-133). Suppose -r*a = -4 - 16. Let f(p) = p**3 - 4*p**2 + p - 3. Give f(a).
1
Let b(w) = 3*w - 14. Let x(o) be the third derivative of o**4/24 - o**3/6 + o**2. Let n(d) = -b(d) + 5*x(d). What is n(-6)?
-3
Let c(k) = k**3 + 6*k**2 + 7*k + 5. Let l be c(-5). Let v = -5 + 10. Let t(q) = 4 + 2*q**2 - v*q**2 - 4*q + 2*q**2. Give t(l).
-1
Let w(o) = -6*o**3 - 9*o**2 - 3*o - 1. Let t(b) = -7*b**3 - 9*b**2 - 2*b - 3. Let k(i) = -5*t(i) + 6*w(i). Calculate k(-7).
-33
Let d(o) = -6*o**2 - 6*o + 6. Let n be 2/(-10) + 627/(-165). Let a(u) = -u**2 - u + 1. Let l(b) = n*a(b) + d(b). Determine l(2).
-10
Let l(m) = -20*m**2 + 2*m + 17. Let a(d) = -7*d**2 + d + 6. Let i(v) = 17*a(v) - 6*l(v). Determine i(-3).
-6
Let q(x) = -x**2 + 25*x - 23. Let m be q(24). Let g(h) = -13*h**3 + h - 1. What is g(m)?
-13
Let a(l) = -10*l - 1609*l**2 + 1608*l**2 + 9*l + 11. What is a(4)?
-9
Let p(x) = x**2 - 5*x - 3. Let n(u) = -u**2 - 17*u - 10. Let t be n(-16). Let b(a) = -a**2 + 5*a + 2. Let c(r) = t*b(r) + 5*p(r). Give c(4).
1
Let s(d) be the third derivative of -1/8*d**6 + 0 - 1/24*d**4 + 0*d + d**2 + 1/60*d**5 + 1/6*d**3. Give s(1).
-14
Let f(u) = -u**3 - 7*u**2 + 9*u. Let a be f(-8). Let b(v) = 26*v - 14 - 60*v + 33*v + 3. Determine b(a).
-3
Let f(r) = r + 1. Suppose 13 = -3*h - 2. What is f(h)?
-4
Suppose 3*g = -2*g + 15. Suppose 2*n = g*s + 4*n - 11, -5*s + 14 = -n. Let y(t) = 5 + 0 - 3 + 2*t. Calculate y(s).
8
Suppose -2 = m - 4*k, 2*m + k - 3 = 2. Let b(h) = h**3 - 3*h**2 - 7 + m + 2. Let r 